{"id":1168,"date":"2015-08-02T15:08:38","date_gmt":"2015-08-02T14:08:38","guid":{"rendered":"http:\/\/chorege.ch\/?page_id=1168"},"modified":"2025-07-05T14:33:43","modified_gmt":"2025-07-05T13:33:43","slug":"31-decembre-2015-35eme-anniversaire","status":"publish","type":"page","link":"https:\/\/chorege.ch\/?page_id=1168","title":{"rendered":"31 d\u00e9cembre 2015 &#8211; 35\u00e8me anniversaire"},"content":{"rendered":"<p style=\"text-align: center;\">Les billets sont en vente \u00e0 l&rsquo;<a href=\"http:\/\/www.estavayer-payerne.ch\/fr\/infos-pratiques\/Acces-cartes.html\">Office du Tourisme, Place du March\u00e9 20, 1530 Payerne<\/a><br \/>\n026 \/ 662 66 70<br \/>\nPrix : 40.&#8211; \/ 25.&#8211; \/ 15.&#8211;<br \/>\nr\u00e9duction AVS et \u00e9tudiants<\/p>\n<h2 style=\"text-align: center;\">&nbsp;<\/h2>\n<h2 style=\"text-align: center;\"><strong>Concert du R\u00e9veillon &#8211; Temple de Payerne &#8211; 22h00<\/strong><\/h2>\n<ul>\n<li>Te Deum de Marc-Antoine Charpentier, H146<\/li>\n<li>Te Deum en Do de Wolfgang Amadeus Mozart, KV 141<\/li>\n<li>Sonate d&rsquo;\u00e9glise en Do Majeur de Wolfgang Amadeus Mozart, KV 278<\/li>\n<li>Verleih uns frieden gn\u00e4diglich de Felix Mendelssohn Bartholdy<\/li>\n<li>H\u00f6r mein Bitten de Felix Mendelssohn Bartholdy<\/li>\n<\/ul>\n<p style=\"text-align: center;\">avec l&rsquo;<strong>Ensemble Baroque de Joux<br \/>\n<\/strong>et les solistes :<br \/>\n<strong>Monique Volery<\/strong>, soprano<br \/>\n<strong>Saskia Salembier<\/strong>, soprano<br \/>\n<strong>Simon Savoy<\/strong>, alto<br \/>\n<strong>Xavier Mauconduit<\/strong>, t\u00e9nor<br \/>\n<strong>Stephan Imboden<\/strong>, basse<\/p>\n<h2 style=\"text-align: center;\">&nbsp;<strong>Carillon &#8211; Place du Tribunal &#8211; 23h45<\/strong><\/h2>\n<ul>\n<li>Cr\u00e9ation de Beno\u00eet Zimmermann<\/li>\n<\/ul>\n<h2 style=\"text-align: center;\"><strong>d\u00e8s 23h55, compte-\u00e0-rebours accompagn\u00e9 de bulles &#8230;<\/strong><\/h2>\n<p>&nbsp;<\/p>\n<p style=\"text-align: center;\">&nbsp;<\/p>\n","protected":false},"excerpt":{"rendered":"<p>Les billets sont en vente \u00e0 l&rsquo;Office du Tourisme, Place du March\u00e9 20, 1530 Payerne 026 \/ 662 66 70 Prix : 40.&#8211; \/ 25.&#8211; \/ 15.&#8211; r\u00e9duction AVS et \u00e9tudiants &nbsp; Concert du R\u00e9veillon &#8211; Temple de Payerne &#8211; 22h00 Te Deum de Marc-Antoine Charpentier, H146 Te Deum en Do de Wolfgang Amadeus Mozart, KV 141 Sonate d&rsquo;\u00e9glise en Do Majeur de Wolfgang Amadeus Mozart, KV 278 Verleih uns frieden gn\u00e4diglich de Felix Mendelssohn Bartholdy H\u00f6r mein Bitten de Felix Mendelssohn Bartholdy avec l&rsquo;Ensemble Baroque de Joux et les solistes : Monique Volery, soprano Saskia Salembier, soprano Simon Savoy, alto Xavier Mauconduit, t\u00e9nor Stephan Imboden, basse &nbsp;Carillon &#8211; Place du Tribunal &#8211; 23h45 Cr\u00e9ation de Beno\u00eet Zimmermann d\u00e8s 23h55, compte-\u00e0-rebours accompagn\u00e9 de bulles &#8230; &nbsp; &nbsp;<\/p>\n","protected":false},"author":8,"featured_media":0,"parent":0,"menu_order":0,"comment_status":"open","ping_status":"closed","template":"","meta":{"ngg_post_thumbnail":0,"footnotes":""},"class_list":["post-1168","page","type-page","status-publish","hentry"],"_links":{"self":[{"href":"https:\/\/chorege.ch\/index.php?rest_route=\/wp\/v2\/pages\/1168","targetHints":{"allow":["GET"]}}],"collection":[{"href":"https:\/\/chorege.ch\/index.php?rest_route=\/wp\/v2\/pages"}],"about":[{"href":"https:\/\/chorege.ch\/index.php?rest_route=\/wp\/v2\/types\/page"}],"author":[{"embeddable":true,"href":"https:\/\/chorege.ch\/index.php?rest_route=\/wp\/v2\/users\/8"}],"replies":[{"embeddable":true,"href":"https:\/\/chorege.ch\/index.php?rest_route=%2Fwp%2Fv2%2Fcomments&post=1168"}],"version-history":[{"count":10,"href":"https:\/\/chorege.ch\/index.php?rest_route=\/wp\/v2\/pages\/1168\/revisions"}],"predecessor-version":[{"id":5632,"href":"https:\/\/chorege.ch\/index.php?rest_route=\/wp\/v2\/pages\/1168\/revisions\/5632"}],"wp:attachment":[{"href":"https:\/\/chorege.ch\/index.php?rest_route=%2Fwp%2Fv2%2Fmedia&parent=1168"}],"curies":[{"name":"wp","href":"https:\/\/api.w.org\/{rel}","templated":true}]}}

31 décembre 2015 &#8211; 35ème anniversaire

<p style="text-align: center;">Les billets sont en vente à l&rsquo;<a href="http://www.estavayer-payerne.ch/fr/infos-pratiques/Acces-cartes.html">Office du Tourisme, Place du Marché 20, 1530 Payerne</a><br />
026 / 662 66 70<br />
Prix : 40.&#8211; / 25.&#8211; / 15.&#8211;<br />
réduction AVS et étudiants</p>
<h2 style="text-align: center;">&nbsp;</h2>
<h2 style="text-align: center;"><strong>Concert du Réveillon &#8211; Temple de Payerne &#8211; 22h00</strong></h2>
<ul>
<li>Te Deum de Marc-Antoine Charpentier, H146</li>
<li>Te Deum en Do de Wolfgang Amadeus Mozart, KV 141</li>
<li>Sonate d&rsquo;église en Do Majeur de Wolfgang Amadeus Mozart, KV 278</li>
<li>Verleih uns frieden gnädiglich de Felix Mendelssohn Bartholdy</li>
<li>Hör mein Bitten de Felix Mendelssohn Bartholdy</li>
</ul>
<p style="text-align: center;">avec l&rsquo;<strong>Ensemble Baroque de Joux<br />
</strong>et les solistes :<br />
<strong>Monique Volery</strong>, soprano<br />
<strong>Saskia Salembier</strong>, soprano<br />
<strong>Simon Savoy</strong>, alto<br />
<strong>Xavier Mauconduit</strong>, ténor<br />
<strong>Stephan Imboden</strong>, basse</p>
<h2 style="text-align: center;">&nbsp;<strong>Carillon &#8211; Place du Tribunal &#8211; 23h45</strong></h2>
<ul>
<li>Création de Benoît Zimmermann</li>
</ul>
<h2 style="text-align: center;"><strong>dès 23h55, compte-à-rebours accompagné de bulles &#8230;</strong></h2>
<p>&nbsp;</p>
<p style="text-align: center;">&nbsp;</p>

<p>Les billets sont en vente à l&rsquo;Office du Tourisme, Place du Marché 20, 1530 Payerne 026 / 662 66 70 Prix : 40.&#8211; / 25.&#8211; / 15.&#8211; réduction AVS et étudiants &nbsp; Concert du Réveillon &#8211; Temple de Payerne &#8211; 22h00 Te Deum de Marc-Antoine Charpentier, H146 Te Deum en Do de Wolfgang Amadeus Mozart, KV 141 Sonate d&rsquo;église en Do Majeur de Wolfgang Amadeus Mozart, KV 278 Verleih uns frieden gnädiglich de Felix Mendelssohn Bartholdy Hör mein Bitten de Felix Mendelssohn Bartholdy avec l&rsquo;Ensemble Baroque de Joux et les solistes : Monique Volery, soprano Saskia Salembier, soprano Simon Savoy, alto Xavier Mauconduit, ténor Stephan Imboden, basse &nbsp;Carillon &#8211; Place du Tribunal &#8211; 23h45 Création de Benoît Zimmermann dès 23h55, compte-à-rebours accompagné de bulles &#8230; &nbsp; &nbsp;</p>
