{"id":157,"date":"2012-02-15T15:16:45","date_gmt":"2012-02-15T14:16:45","guid":{"rendered":"http:\/\/blog.proteck.ch\/?page_id=157"},"modified":"2025-08-15T12:54:16","modified_gmt":"2025-08-15T11:54:16","slug":"presentation-2","status":"publish","type":"page","link":"https:\/\/chorege.ch\/?page_id=157","title":{"rendered":"Pr\u00e9sentation"},"content":{"rendered":"<div class=\"wp-block-image\">\n<figure class=\"alignleft size-full is-resized\"><img loading=\"lazy\" decoding=\"async\" width=\"834\" height=\"547\" src=\"http:\/\/chorege.ch\/wp-content\/uploads\/2022\/04\/9Ji9hig4SJW2TpiHAee9g_thumb_793-e1755258638991.jpg\" alt=\"\" class=\"wp-image-4260\" style=\"width:331px;height:auto\" title=\"chorege 23\" srcset=\"https:\/\/chorege.ch\/wp-content\/uploads\/2022\/04\/9Ji9hig4SJW2TpiHAee9g_thumb_793-e1755258638991.jpg 834w, https:\/\/chorege.ch\/wp-content\/uploads\/2022\/04\/9Ji9hig4SJW2TpiHAee9g_thumb_793-e1755258638991-300x197.jpg 300w, https:\/\/chorege.ch\/wp-content\/uploads\/2022\/04\/9Ji9hig4SJW2TpiHAee9g_thumb_793-e1755258638991-768x504.jpg 768w\" sizes=\"auto, (max-width: 834px) 100vw, 834px\" \/><\/figure>\n<\/div>\n\n\n<div style=\"text-align: justify;\">Bienvenue sur le site de Chor\u00e8ge !<\/div>\n\n\n\n<div style=\"text-align: justify;\">\n<p>Nous interpr\u00e9tons des chants allant de la renaissance \u00e0 nos jours.<\/p>\n<p>Partager notre plaisir de chanter, faire vibrer nos \u00e2mes, cr\u00e9er des amiti\u00e9s, favoriser des rencontres avec d\u2019autres chorales !<\/p>\n<p>C\u2019est le 28 juin 1979 que Dominique Gesseney-Rappo et quelques passionn\u00e9s de chant, apr\u00e8s un appel lanc\u00e9 dans la presse, r\u00e9unissent plus de trente personnes \u00e0 Payerne afin de cr\u00e9er le Ch\u0153ur mixte de la Broye qui deviendra plus tard l\u2019Ensemble vocal de la Broye et enfin, en 1991, l&rsquo;ensemble Chor\u00e8ge.<\/p>\n<p>Dirig\u00e9e par Fabien Volery depuis septembre 2011, notre soci\u00e9t\u00e9 regroupe aujourd\u2019hui une quarantaine de passionn\u00e9s de chant choral venant de toute la r\u00e9gion broyarde. Nous interpr\u00e9tons avec le m\u00eame enthousiasme et le m\u00eame souci de qualit\u00e9 les grandes \u0153uvres du r\u00e9pertoire classique et des cr\u00e9ations de compositeurs contemporains, sans oublier la chanson populaire de notre r\u00e9gion.&nbsp;<\/p>\n<p>Bien que notre effectif nous pousse plut\u00f4t du c\u00f4t\u00e9 des \u0153uvres \u00ab a capella \u00bb ou avec accompagnement instrumental restreint, nous ne renon\u00e7ons pas pour autant \u00e0 nous associer avec d\u2019autres ch\u0153urs et avec des orchestres afin d\u2019offrir au public des \u0153uvres de plus grande envergure.<\/p>\n<p>Les activit\u00e9s de l\u2019Ensemble Chor\u00e8ge sont riches et vari\u00e9es : concerts de No\u00ebl, de la Passion, participation \u00e0 des messes et des cultes pour la Radio, cr\u00e9ations, concours, voyage, festivals en Suisse et \u00e0 l\u2019\u00e9tranger, op\u00e9ras, etc. Quel que soit le type de concert que nous donnons, pour nous, l\u2019essentiel est toujours d\u2019apporter par le chant joie et \u00e9motion.<\/p>\n<p>Vous d\u00e9couvrirez sur ce site nos prestations pass\u00e9es, pr\u00e9sentes et futures ainsi que les personnes qui font de l\u2019Ensemble Chor\u00e8ge un lieu de dynamisme et de convivialit\u00e9.<\/p>\n<p>Bon voyage !<\/p>\n<p><span style=\"font-family: Verdana, Arial, Helvetica, sans-serif;\"><span style=\"font-size: 11px; line-height: normal;\">&nbsp;<\/span><\/span><\/p>\n<\/div>\n","protected":false},"excerpt":{"rendered":"<p>Bienvenue sur le site de Chor\u00e8ge ! Nous interpr\u00e9tons des chants allant de la renaissance \u00e0 nos jours. Partager notre plaisir de chanter, faire vibrer nos \u00e2mes, cr\u00e9er des amiti\u00e9s, favoriser des rencontres avec d\u2019autres chorales ! C\u2019est le 28 juin 1979 que Dominique Gesseney-Rappo et quelques passionn\u00e9s de chant, apr\u00e8s un appel lanc\u00e9 dans la presse, r\u00e9unissent plus de trente personnes \u00e0 Payerne afin de cr\u00e9er le Ch\u0153ur mixte de la Broye qui deviendra plus tard l\u2019Ensemble vocal de la Broye et enfin, en 1991, l&rsquo;ensemble Chor\u00e8ge. Dirig\u00e9e par Fabien Volery depuis septembre 2011, notre soci\u00e9t\u00e9 regroupe aujourd\u2019hui une quarantaine de passionn\u00e9s de chant choral venant de toute la r\u00e9gion broyarde. Nous interpr\u00e9tons avec le m\u00eame enthousiasme et le m\u00eame souci de qualit\u00e9 les grandes \u0153uvres du r\u00e9pertoire classique et des cr\u00e9ations de compositeurs contemporains, sans oublier la chanson populaire de notre r\u00e9gion.&nbsp; Bien que notre effectif nous pousse plut\u00f4t du c\u00f4t\u00e9 des \u0153uvres \u00ab a capella \u00bb ou avec accompagnement instrumental restreint, nous ne renon\u00e7ons pas pour autant \u00e0 nous associer avec d\u2019autres ch\u0153urs et avec des orchestres afin d\u2019offrir au public des \u0153uvres de plus grande envergure. Les activit\u00e9s de l\u2019Ensemble Chor\u00e8ge sont riches et vari\u00e9es : concerts de No\u00ebl, de la Passion, participation \u00e0 des messes et des cultes pour la Radio, cr\u00e9ations, concours, voyage, festivals en Suisse et \u00e0 l\u2019\u00e9tranger, op\u00e9ras, etc. Quel que soit le type de concert que nous donnons, pour nous, l\u2019essentiel est toujours d\u2019apporter par le chant joie et \u00e9motion. Vous d\u00e9couvrirez sur ce site nos prestations pass\u00e9es, pr\u00e9sentes et futures ainsi que les personnes qui font de l\u2019Ensemble Chor\u00e8ge un lieu de dynamisme et de convivialit\u00e9. Bon voyage ! &nbsp;<\/p>\n","protected":false},"author":123457,"featured_media":0,"parent":160,"menu_order":1,"comment_status":"closed","ping_status":"closed","template":"","meta":{"ngg_post_thumbnail":0,"footnotes":""},"class_list":["post-157","page","type-page","status-publish","hentry"],"_links":{"self":[{"href":"https:\/\/chorege.ch\/index.php?rest_route=\/wp\/v2\/pages\/157","targetHints":{"allow":["GET"]}}],"collection":[{"href":"https:\/\/chorege.ch\/index.php?rest_route=\/wp\/v2\/pages"}],"about":[{"href":"https:\/\/chorege.ch\/index.php?rest_route=\/wp\/v2\/types\/page"}],"author":[{"embeddable":true,"href":"https:\/\/chorege.ch\/index.php?rest_route=\/wp\/v2\/users\/123457"}],"replies":[{"embeddable":true,"href":"https:\/\/chorege.ch\/index.php?rest_route=%2Fwp%2Fv2%2Fcomments&post=157"}],"version-history":[{"count":21,"href":"https:\/\/chorege.ch\/index.php?rest_route=\/wp\/v2\/pages\/157\/revisions"}],"predecessor-version":[{"id":5972,"href":"https:\/\/chorege.ch\/index.php?rest_route=\/wp\/v2\/pages\/157\/revisions\/5972"}],"up":[{"embeddable":true,"href":"https:\/\/chorege.ch\/index.php?rest_route=\/wp\/v2\/pages\/160"}],"wp:attachment":[{"href":"https:\/\/chorege.ch\/index.php?rest_route=%2Fwp%2Fv2%2Fmedia&parent=157"}],"curies":[{"name":"wp","href":"https:\/\/api.w.org\/{rel}","templated":true}]}}

Présentation

<div class="wp-block-image">
<figure class="alignleft size-full is-resized"><img loading="lazy" decoding="async" width="834" height="547" src="http://chorege.ch/wp-content/uploads/2022/04/9Ji9hig4SJW2TpiHAee9g_thumb_793-e1755258638991.jpg" alt="" class="wp-image-4260" style="width:331px;height:auto" title="chorege 23" srcset="https://chorege.ch/wp-content/uploads/2022/04/9Ji9hig4SJW2TpiHAee9g_thumb_793-e1755258638991.jpg 834w, https://chorege.ch/wp-content/uploads/2022/04/9Ji9hig4SJW2TpiHAee9g_thumb_793-e1755258638991-300x197.jpg 300w, https://chorege.ch/wp-content/uploads/2022/04/9Ji9hig4SJW2TpiHAee9g_thumb_793-e1755258638991-768x504.jpg 768w" sizes="auto, (max-width: 834px) 100vw, 834px" /></figure>
</div>


<div style="text-align: justify;">Bienvenue sur le site de Chorège !</div>



<div style="text-align: justify;">
<p>Nous interprétons des chants allant de la renaissance à nos jours.</p>
<p>Partager notre plaisir de chanter, faire vibrer nos âmes, créer des amitiés, favoriser des rencontres avec d’autres chorales !</p>
<p>C’est le 28 juin 1979 que Dominique Gesseney-Rappo et quelques passionnés de chant, après un appel lancé dans la presse, réunissent plus de trente personnes à Payerne afin de créer le Chœur mixte de la Broye qui deviendra plus tard l’Ensemble vocal de la Broye et enfin, en 1991, l&rsquo;ensemble Chorège.</p>
<p>Dirigée par Fabien Volery depuis septembre 2011, notre société regroupe aujourd’hui une quarantaine de passionnés de chant choral venant de toute la région broyarde. Nous interprétons avec le même enthousiasme et le même souci de qualité les grandes œuvres du répertoire classique et des créations de compositeurs contemporains, sans oublier la chanson populaire de notre région.&nbsp;</p>
<p>Bien que notre effectif nous pousse plutôt du côté des œuvres « a capella » ou avec accompagnement instrumental restreint, nous ne renonçons pas pour autant à nous associer avec d’autres chœurs et avec des orchestres afin d’offrir au public des œuvres de plus grande envergure.</p>
<p>Les activités de l’Ensemble Chorège sont riches et variées : concerts de Noël, de la Passion, participation à des messes et des cultes pour la Radio, créations, concours, voyage, festivals en Suisse et à l’étranger, opéras, etc. Quel que soit le type de concert que nous donnons, pour nous, l’essentiel est toujours d’apporter par le chant joie et émotion.</p>
<p>Vous découvrirez sur ce site nos prestations passées, présentes et futures ainsi que les personnes qui font de l’Ensemble Chorège un lieu de dynamisme et de convivialité.</p>
<p>Bon voyage !</p>
<p><span style="font-family: Verdana, Arial, Helvetica, sans-serif;"><span style="font-size: 11px; line-height: normal;">&nbsp;</span></span></p>
</div>

<p>Bienvenue sur le site de Chorège ! Nous interprétons des chants allant de la renaissance à nos jours. Partager notre plaisir de chanter, faire vibrer nos âmes, créer des amitiés, favoriser des rencontres avec d’autres chorales ! C’est le 28 juin 1979 que Dominique Gesseney-Rappo et quelques passionnés de chant, après un appel lancé dans la presse, réunissent plus de trente personnes à Payerne afin de créer le Chœur mixte de la Broye qui deviendra plus tard l’Ensemble vocal de la Broye et enfin, en 1991, l&rsquo;ensemble Chorège. Dirigée par Fabien Volery depuis septembre 2011, notre société regroupe aujourd’hui une quarantaine de passionnés de chant choral venant de toute la région broyarde. Nous interprétons avec le même enthousiasme et le même souci de qualité les grandes œuvres du répertoire classique et des créations de compositeurs contemporains, sans oublier la chanson populaire de notre région.&nbsp; Bien que notre effectif nous pousse plutôt du côté des œuvres « a capella » ou avec accompagnement instrumental restreint, nous ne renonçons pas pour autant à nous associer avec d’autres chœurs et avec des orchestres afin d’offrir au public des œuvres de plus grande envergure. Les activités de l’Ensemble Chorège sont riches et variées : concerts de Noël, de la Passion, participation à des messes et des cultes pour la Radio, créations, concours, voyage, festivals en Suisse et à l’étranger, opéras, etc. Quel que soit le type de concert que nous donnons, pour nous, l’essentiel est toujours d’apporter par le chant joie et émotion. Vous découvrirez sur ce site nos prestations passées, présentes et futures ainsi que les personnes qui font de l’Ensemble Chorège un lieu de dynamisme et de convivialité. Bon voyage ! &nbsp;</p>
