{"id":296,"date":"2013-07-24T11:34:40","date_gmt":"2013-07-24T10:34:40","guid":{"rendered":"http:\/\/chorege-temp.proteck.ch\/?page_id=296"},"modified":"2026-08-26T10:59:11","modified_gmt":"2026-08-26T09:59:11","slug":"agenda","status":"publish","type":"page","link":"https:\/\/chorege.ch\/?page_id=296","title":{"rendered":"Agenda"},"content":{"rendered":"\n<h2 class=\"wp-block-heading\">Concerts \u00e0 venir<\/h2>\n\n\n\n<p class=\"wp-block-paragraph\"><strong>Samedi 3 octobre 2026 \u00e0 19h30&nbsp;<\/strong>: <br>Concert Aurore, salle Podium \u00e0 Guin en collaboration avec les Choeurs Mixtes de D\u00fcdingen et B\u00f6singen<\/p>\n\n\n\n<p class=\"wp-block-paragraph\"><strong>Dimanche 04 octobre 2026 \u00e0 17h00<\/strong> <br>Concert Aurore, Temple de Payerne en collaboration avec les  les Choeurs Mixtes de D\u00fcdingen et B\u00f6singen<\/p>\n\n\n\n<p class=\"wp-block-paragraph\"><strong>Samedi 28 novembr<\/strong><strong>e 2026<\/strong> <br>Concert de l\u2019Avent, Eglise de Ressudens avec la participation du Choeur d&rsquo;Hommes de Grandcour<\/p>\n\n\n\n<p class=\"wp-block-paragraph\"><strong>Dimanche 29 novembre 2026<\/strong><br>Concert de l\u2019Avent, La Coll\u00e9giale d\u2019Estavayer-le-Lac avec la participation du ch\u0153ur d\u2019enfants \u00ab Petit ch\u0153ur des Pirates \u00bb, dirig\u00e9 par Fabien Volery<\/p>\n\n\n\n<p class=\"wp-block-paragraph\"><\/p>\n","protected":false},"excerpt":{"rendered":"<p>Concerts \u00e0 venir Samedi 3 octobre 2026 \u00e0 19h30&nbsp;: Concert Aurore, salle Podium \u00e0 Guin en collaboration avec les Choeurs Mixtes de D\u00fcdingen et B\u00f6singen Dimanche 04 octobre 2026 \u00e0 17h00 Concert Aurore, Temple de Payerne en collaboration avec les les Choeurs Mixtes de D\u00fcdingen et B\u00f6singen Samedi 28 novembre 2026 Concert de l\u2019Avent, Eglise de Ressudens avec la participation du Choeur d&rsquo;Hommes de Grandcour Dimanche 29 novembre 2026Concert de l\u2019Avent, La Coll\u00e9giale d\u2019Estavayer-le-Lac avec la participation du ch\u0153ur d\u2019enfants \u00ab Petit ch\u0153ur des Pirates \u00bb, dirig\u00e9 par Fabien Volery<\/p>\n","protected":false},"author":123457,"featured_media":0,"parent":0,"menu_order":0,"comment_status":"closed","ping_status":"closed","template":"","meta":{"ngg_post_thumbnail":0,"footnotes":""},"class_list":["post-296","page","type-page","status-publish","hentry"],"_links":{"self":[{"href":"https:\/\/chorege.ch\/index.php?rest_route=\/wp\/v2\/pages\/296","targetHints":{"allow":["GET"]}}],"collection":[{"href":"https:\/\/chorege.ch\/index.php?rest_route=\/wp\/v2\/pages"}],"about":[{"href":"https:\/\/chorege.ch\/index.php?rest_route=\/wp\/v2\/types\/page"}],"author":[{"embeddable":true,"href":"https:\/\/chorege.ch\/index.php?rest_route=\/wp\/v2\/users\/123457"}],"replies":[{"embeddable":true,"href":"https:\/\/chorege.ch\/index.php?rest_route=%2Fwp%2Fv2%2Fcomments&post=296"}],"version-history":[{"count":195,"href":"https:\/\/chorege.ch\/index.php?rest_route=\/wp\/v2\/pages\/296\/revisions"}],"predecessor-version":[{"id":6879,"href":"https:\/\/chorege.ch\/index.php?rest_route=\/wp\/v2\/pages\/296\/revisions\/6879"}],"wp:attachment":[{"href":"https:\/\/chorege.ch\/index.php?rest_route=%2Fwp%2Fv2%2Fmedia&parent=296"}],"curies":[{"name":"wp","href":"https:\/\/api.w.org\/{rel}","templated":true}]}}

<h2 class="wp-block-heading">Concerts à venir</h2>



<p class="wp-block-paragraph"><strong>Samedi 3 octobre 2026 à 19h30&nbsp;</strong>: <br>Concert Aurore, salle Podium à Guin en collaboration avec les Choeurs Mixtes de Düdingen et Bösingen</p>



<p class="wp-block-paragraph"><strong>Dimanche 04 octobre 2026 à 17h00</strong> <br>Concert Aurore, Temple de Payerne en collaboration avec les  les Choeurs Mixtes de Düdingen et Bösingen</p>



<p class="wp-block-paragraph"><strong>Samedi 28 novembr</strong><strong>e 2026</strong> <br>Concert de l’Avent, Eglise de Ressudens avec la participation du Choeur d&rsquo;Hommes de Grandcour</p>



<p class="wp-block-paragraph"><strong>Dimanche 29 novembre 2026</strong><br>Concert de l’Avent, La Collégiale d’Estavayer-le-Lac avec la participation du chœur d’enfants « Petit chœur des Pirates », dirigé par Fabien Volery</p>



<p class="wp-block-paragraph"></p>

<p>Concerts à venir Samedi 3 octobre 2026 à 19h30&nbsp;: Concert Aurore, salle Podium à Guin en collaboration avec les Choeurs Mixtes de Düdingen et Bösingen Dimanche 04 octobre 2026 à 17h00 Concert Aurore, Temple de Payerne en collaboration avec les les Choeurs Mixtes de Düdingen et Bösingen Samedi 28 novembre 2026 Concert de l’Avent, Eglise de Ressudens avec la participation du Choeur d&rsquo;Hommes de Grandcour Dimanche 29 novembre 2026Concert de l’Avent, La Collégiale d’Estavayer-le-Lac avec la participation du chœur d’enfants « Petit chœur des Pirates », dirigé par Fabien Volery</p>
