{"id":3852,"date":"2021-09-29T09:41:30","date_gmt":"2021-09-29T08:41:30","guid":{"rendered":"http:\/\/chorege.ch\/?page_id=3852"},"modified":"2026-07-13T13:54:08","modified_gmt":"2026-07-13T12:54:08","slug":"comite","status":"publish","type":"page","link":"https:\/\/chorege.ch\/?page_id=3852","title":{"rendered":"Comit\u00e9"},"content":{"rendered":"\n<p class=\"wp-block-paragraph\">Fabien Volery &#8211; directeur<\/p>\n\n\n\n<p class=\"wp-block-paragraph\">Sonia Piccand &#8211; pr\u00e9sidente<\/p>\n\n\n\n<p class=\"wp-block-paragraph\">Sandrine Barras &#8211; vice-pr\u00e9sidente<\/p>\n\n\n\n<p class=\"wp-block-paragraph\"><meta charset=\"utf-8\">Eliane Ney &#8211; secr\u00e9taire<\/p>\n\n\n\n<p class=\"wp-block-paragraph\">Nathalie Weyermann &#8211; caissi\u00e8re<\/p>\n\n\n\n<p class=\"wp-block-paragraph\">C\u00e9cile Duffey &#8211; membre<\/p>\n\n\n\n<p class=\"wp-block-paragraph\">Anne Cl\u00e9ment &#8211; membre<\/p>\n\n\n\n<p class=\"wp-block-paragraph\">Marianne B\u00fcrgy &#8211; membre<\/p>\n\n\n\n<p class=\"wp-block-paragraph\"><\/p>\n\n\n\n<p class=\"wp-block-paragraph\">Merci \u00e0 Chantal notre caissi\u00e8re qui nous quitte pour de nouvelles aventures<\/p>\n\n\n\n<figure class=\"wp-block-image size-large\"><a href=\"https:\/\/chorege.ch\/wp-content\/uploads\/2025\/05\/Comite-scaled.jpg\"><img loading=\"lazy\" decoding=\"async\" width=\"1024\" height=\"768\" src=\"https:\/\/chorege.ch\/wp-content\/uploads\/2025\/05\/Comite-1024x768.jpg\" alt=\"\" class=\"wp-image-5599\" srcset=\"https:\/\/chorege.ch\/wp-content\/uploads\/2025\/05\/Comite-1024x768.jpg 1024w, https:\/\/chorege.ch\/wp-content\/uploads\/2025\/05\/Comite-300x225.jpg 300w, https:\/\/chorege.ch\/wp-content\/uploads\/2025\/05\/Comite-768x576.jpg 768w, https:\/\/chorege.ch\/wp-content\/uploads\/2025\/05\/Comite-1536x1152.jpg 1536w, https:\/\/chorege.ch\/wp-content\/uploads\/2025\/05\/Comite-2048x1536.jpg 2048w, https:\/\/chorege.ch\/wp-content\/uploads\/2025\/05\/Comite-1140x855.jpg 1140w\" sizes=\"auto, (max-width: 1024px) 100vw, 1024px\" \/><\/a><\/figure>\n","protected":false},"excerpt":{"rendered":"<p>Fabien Volery &#8211; directeur Sonia Piccand &#8211; pr\u00e9sidente Sandrine Barras &#8211; vice-pr\u00e9sidente Eliane Ney &#8211; secr\u00e9taire Nathalie Weyermann &#8211; caissi\u00e8re C\u00e9cile Duffey &#8211; membre Anne Cl\u00e9ment &#8211; membre Marianne B\u00fcrgy &#8211; membre Merci \u00e0 Chantal notre caissi\u00e8re qui nous quitte pour de nouvelles aventures<\/p>\n","protected":false},"author":8,"featured_media":0,"parent":160,"menu_order":1,"comment_status":"closed","ping_status":"closed","template":"","meta":{"ngg_post_thumbnail":0,"footnotes":""},"class_list":["post-3852","page","type-page","status-publish","hentry"],"_links":{"self":[{"href":"https:\/\/chorege.ch\/index.php?rest_route=\/wp\/v2\/pages\/3852","targetHints":{"allow":["GET"]}}],"collection":[{"href":"https:\/\/chorege.ch\/index.php?rest_route=\/wp\/v2\/pages"}],"about":[{"href":"https:\/\/chorege.ch\/index.php?rest_route=\/wp\/v2\/types\/page"}],"author":[{"embeddable":true,"href":"https:\/\/chorege.ch\/index.php?rest_route=\/wp\/v2\/users\/8"}],"replies":[{"embeddable":true,"href":"https:\/\/chorege.ch\/index.php?rest_route=%2Fwp%2Fv2%2Fcomments&post=3852"}],"version-history":[{"count":15,"href":"https:\/\/chorege.ch\/index.php?rest_route=\/wp\/v2\/pages\/3852\/revisions"}],"predecessor-version":[{"id":6830,"href":"https:\/\/chorege.ch\/index.php?rest_route=\/wp\/v2\/pages\/3852\/revisions\/6830"}],"up":[{"embeddable":true,"href":"https:\/\/chorege.ch\/index.php?rest_route=\/wp\/v2\/pages\/160"}],"wp:attachment":[{"href":"https:\/\/chorege.ch\/index.php?rest_route=%2Fwp%2Fv2%2Fmedia&parent=3852"}],"curies":[{"name":"wp","href":"https:\/\/api.w.org\/{rel}","templated":true}]}}

Comité

<p class="wp-block-paragraph">Fabien Volery &#8211; directeur</p>



<p class="wp-block-paragraph">Sonia Piccand &#8211; présidente</p>



<p class="wp-block-paragraph">Sandrine Barras &#8211; vice-présidente</p>



<p class="wp-block-paragraph"><meta charset="utf-8">Eliane Ney &#8211; secrétaire</p>



<p class="wp-block-paragraph">Nathalie Weyermann &#8211; caissière</p>



<p class="wp-block-paragraph">Cécile Duffey &#8211; membre</p>



<p class="wp-block-paragraph">Anne Clément &#8211; membre</p>



<p class="wp-block-paragraph">Marianne Bürgy &#8211; membre</p>



<p class="wp-block-paragraph"></p>



<p class="wp-block-paragraph">Merci à Chantal notre caissière qui nous quitte pour de nouvelles aventures</p>



<figure class="wp-block-image size-large"><a href="https://chorege.ch/wp-content/uploads/2025/05/Comite-scaled.jpg"><img loading="lazy" decoding="async" width="1024" height="768" src="https://chorege.ch/wp-content/uploads/2025/05/Comite-1024x768.jpg" alt="" class="wp-image-5599" srcset="https://chorege.ch/wp-content/uploads/2025/05/Comite-1024x768.jpg 1024w, https://chorege.ch/wp-content/uploads/2025/05/Comite-300x225.jpg 300w, https://chorege.ch/wp-content/uploads/2025/05/Comite-768x576.jpg 768w, https://chorege.ch/wp-content/uploads/2025/05/Comite-1536x1152.jpg 1536w, https://chorege.ch/wp-content/uploads/2025/05/Comite-2048x1536.jpg 2048w, https://chorege.ch/wp-content/uploads/2025/05/Comite-1140x855.jpg 1140w" sizes="auto, (max-width: 1024px) 100vw, 1024px" /></a></figure>

<p>Fabien Volery &#8211; directeur Sonia Piccand &#8211; présidente Sandrine Barras &#8211; vice-présidente Eliane Ney &#8211; secrétaire Nathalie Weyermann &#8211; caissière Cécile Duffey &#8211; membre Anne Clément &#8211; membre Marianne Bürgy &#8211; membre Merci à Chantal notre caissière qui nous quitte pour de nouvelles aventures</p>
