{"id":4098,"date":"2021-11-30T10:24:40","date_gmt":"2021-11-30T09:24:40","guid":{"rendered":"https:\/\/chorege.ch\/?page_id=4098"},"modified":"2026-07-13T13:32:50","modified_gmt":"2026-07-13T12:32:50","slug":"medias","status":"publish","type":"page","link":"https:\/\/chorege.ch\/?page_id=4098","title":{"rendered":"M\u00e9dias"},"content":{"rendered":"\n<h2 class=\"wp-block-heading\"><a href=\"http:\/\/chorege.ch\/wp-content\/uploads\/2024\/12\/Republicain_Avent.jpg\" target=\"_blank\" rel=\"noreferrer noopener\">Dimanche 1er d\u00e9cembre 2024 dans Le R\u00e9publicain<\/a><\/h2>\n\n\n\n<h2 class=\"wp-block-heading\"><a href=\"https:\/\/chorege.ch\/?page_id=4102\">Samedi 27 novembre 2021<\/a><\/h2>\n\n\n\n<h2 class=\"wp-block-heading\"><a href=\"https:\/\/chorege.ch\/?page_id=6812\" target=\"_blank\" rel=\"noreferrer noopener\">Le concert du si\u00e8cle novembre 2025<\/a><\/h2>\n\n\n\n<p class=\"wp-block-paragraph\"><\/p>\n","protected":false},"excerpt":{"rendered":"<p>Dimanche 1er d\u00e9cembre 2024 dans Le R\u00e9publicain Samedi 27 novembre 2021 Le concert du si\u00e8cle novembre 2025<\/p>\n","protected":false},"author":8,"featured_media":0,"parent":0,"menu_order":0,"comment_status":"closed","ping_status":"closed","template":"","meta":{"ngg_post_thumbnail":0,"footnotes":""},"class_list":["post-4098","page","type-page","status-publish","hentry"],"_links":{"self":[{"href":"https:\/\/chorege.ch\/index.php?rest_route=\/wp\/v2\/pages\/4098","targetHints":{"allow":["GET"]}}],"collection":[{"href":"https:\/\/chorege.ch\/index.php?rest_route=\/wp\/v2\/pages"}],"about":[{"href":"https:\/\/chorege.ch\/index.php?rest_route=\/wp\/v2\/types\/page"}],"author":[{"embeddable":true,"href":"https:\/\/chorege.ch\/index.php?rest_route=\/wp\/v2\/users\/8"}],"replies":[{"embeddable":true,"href":"https:\/\/chorege.ch\/index.php?rest_route=%2Fwp%2Fv2%2Fcomments&post=4098"}],"version-history":[{"count":6,"href":"https:\/\/chorege.ch\/index.php?rest_route=\/wp\/v2\/pages\/4098\/revisions"}],"predecessor-version":[{"id":6822,"href":"https:\/\/chorege.ch\/index.php?rest_route=\/wp\/v2\/pages\/4098\/revisions\/6822"}],"wp:attachment":[{"href":"https:\/\/chorege.ch\/index.php?rest_route=%2Fwp%2Fv2%2Fmedia&parent=4098"}],"curies":[{"name":"wp","href":"https:\/\/api.w.org\/{rel}","templated":true}]}}

Médias

<h2 class="wp-block-heading"><a href="http://chorege.ch/wp-content/uploads/2024/12/Republicain_Avent.jpg" target="_blank" rel="noreferrer noopener">Dimanche 1er décembre 2024 dans Le Républicain</a></h2>



<h2 class="wp-block-heading"><a href="https://chorege.ch/?page_id=4102">Samedi 27 novembre 2021</a></h2>



<h2 class="wp-block-heading"><a href="https://chorege.ch/?page_id=6812" target="_blank" rel="noreferrer noopener">Le concert du siècle novembre 2025</a></h2>



<p class="wp-block-paragraph"></p>

<p>Dimanche 1er décembre 2024 dans Le Républicain Samedi 27 novembre 2021 Le concert du siècle novembre 2025</p>
