{"id":4102,"date":"2021-11-30T10:33:22","date_gmt":"2021-11-30T09:33:22","guid":{"rendered":"https:\/\/chorege.ch\/?page_id=4102"},"modified":"2026-07-13T11:12:09","modified_gmt":"2026-07-13T10:12:09","slug":"concerts-de-lavent-novembre-decembre-2021","status":"publish","type":"page","link":"https:\/\/chorege.ch\/?page_id=4102","title":{"rendered":"Concerts de l&rsquo;Avent novembre &#8211; d\u00e9cembre 2021"},"content":{"rendered":"\n<h4 class=\"wp-block-heading\"><a href=\"https:\/\/m.facebook.com\/RTSpopsuisse\/videos\/le-kiosque-\u00e0-musique-du-27-novembre-2021-carte-blanche-\u00e0-judith-zieri-salle-poly\/463947355247583\/?_rdr\">Extrait film\u00e9 du Kiosque \u00e0 Musiques<\/a> (RTS &#8211; Radio la 1\u00e8re) du samedi 27 novembre 2021 \u00ab\u00a0No\u00ebl tzigane\u00a0\u00bb<\/h4>\n\n\n\n<h4 class=\"wp-block-heading\"><a href=\"https:\/\/www.rts.ch\/play\/radio\/redirect\/detail\/12642968\">Emission Kiosque \u00e0 Musiques<\/a> du samedi 27 novembre 2021<\/h4>\n\n\n\n<h2 class=\"wp-block-heading\">Article dans le journal Le R\u00e9publicain, le 2 d\u00e9cembre 2021<\/h2>\n\n\n\n<figure class=\"wp-block-image size-large is-style-default\"><a href=\"https:\/\/chorege.ch\/wp-content\/uploads\/2021\/12\/21_12_02_Le-Re\u0301publicain.png\"><img loading=\"lazy\" decoding=\"async\" width=\"1024\" height=\"745\" src=\"https:\/\/chorege.ch\/wp-content\/uploads\/2021\/12\/21_12_02_Le-Re\u0301publicain-1024x745.png\" alt=\"\" class=\"wp-image-4117\" srcset=\"https:\/\/chorege.ch\/wp-content\/uploads\/2021\/12\/21_12_02_Le-Re\u0301publicain-1024x745.png 1024w, https:\/\/chorege.ch\/wp-content\/uploads\/2021\/12\/21_12_02_Le-Re\u0301publicain-300x218.png 300w, https:\/\/chorege.ch\/wp-content\/uploads\/2021\/12\/21_12_02_Le-Re\u0301publicain-768x558.png 768w, https:\/\/chorege.ch\/wp-content\/uploads\/2021\/12\/21_12_02_Le-Re\u0301publicain-1536x1117.png 1536w, https:\/\/chorege.ch\/wp-content\/uploads\/2021\/12\/21_12_02_Le-Re\u0301publicain-2048x1489.png 2048w, https:\/\/chorege.ch\/wp-content\/uploads\/2021\/12\/21_12_02_Le-Re\u0301publicain-1140x829.png 1140w\" sizes=\"auto, (max-width: 1024px) 100vw, 1024px\" \/><\/a><\/figure>\n\n\n\n<h2 class=\"wp-block-heading\">Article dans le journal La Libert\u00e9<\/h2>\n\n\n\n<figure class=\"wp-block-image size-full is-style-default\"><a href=\"https:\/\/chorege.ch\/wp-content\/uploads\/2021\/11\/21_11_25_La_Liberte.jpeg\"><img loading=\"lazy\" decoding=\"async\" width=\"864\" height=\"874\" src=\"https:\/\/chorege.ch\/wp-content\/uploads\/2021\/11\/21_11_25_La_Liberte.jpeg\" alt=\"\" class=\"wp-image-4104\" srcset=\"https:\/\/chorege.ch\/wp-content\/uploads\/2021\/11\/21_11_25_La_Liberte.jpeg 864w, https:\/\/chorege.ch\/wp-content\/uploads\/2021\/11\/21_11_25_La_Liberte-297x300.jpeg 297w, https:\/\/chorege.ch\/wp-content\/uploads\/2021\/11\/21_11_25_La_Liberte-768x777.jpeg 768w, https:\/\/chorege.ch\/wp-content\/uploads\/2021\/11\/21_11_25_La_Liberte-75x75.jpeg 75w\" sizes=\"auto, (max-width: 864px) 100vw, 864px\" \/><\/a><\/figure>\n\n\n\n<h2 class=\"wp-block-heading\">Article dans le journal Le R\u00e9publicain<\/h2>\n\n\n\n<figure class=\"wp-block-image size-large is-style-default\"><a href=\"https:\/\/chorege.ch\/wp-content\/uploads\/2021\/11\/21_11_25_Fene\u0302tre-sur-Framcis-Le-Re\u0301publicain.png\"><img loading=\"lazy\" decoding=\"async\" width=\"745\" height=\"1024\" src=\"https:\/\/chorege.ch\/wp-content\/uploads\/2021\/11\/21_11_25_Fene\u0302tre-sur-Framcis-Le-Re\u0301publicain-745x1024.png\" alt=\"\" class=\"wp-image-4103\" srcset=\"https:\/\/chorege.ch\/wp-content\/uploads\/2021\/11\/21_11_25_Fene\u0302tre-sur-Framcis-Le-Re\u0301publicain-745x1024.png 745w, https:\/\/chorege.ch\/wp-content\/uploads\/2021\/11\/21_11_25_Fene\u0302tre-sur-Framcis-Le-Re\u0301publicain-218x300.png 218w, https:\/\/chorege.ch\/wp-content\/uploads\/2021\/11\/21_11_25_Fene\u0302tre-sur-Framcis-Le-Re\u0301publicain-768x1056.png 768w, https:\/\/chorege.ch\/wp-content\/uploads\/2021\/11\/21_11_25_Fene\u0302tre-sur-Framcis-Le-Re\u0301publicain-1117x1536.png 1117w, https:\/\/chorege.ch\/wp-content\/uploads\/2021\/11\/21_11_25_Fene\u0302tre-sur-Framcis-Le-Re\u0301publicain-1489x2048.png 1489w, https:\/\/chorege.ch\/wp-content\/uploads\/2021\/11\/21_11_25_Fene\u0302tre-sur-Framcis-Le-Re\u0301publicain-1140x1568.png 1140w, https:\/\/chorege.ch\/wp-content\/uploads\/2021\/11\/21_11_25_Fene\u0302tre-sur-Framcis-Le-Re\u0301publicain.png 1700w\" sizes=\"auto, (max-width: 745px) 100vw, 745px\" \/><\/a><\/figure>\n\n\n\n<h2 class=\"wp-block-heading\"><\/h2>\n","protected":false},"excerpt":{"rendered":"<p>Extrait film\u00e9 du Kiosque \u00e0 Musiques (RTS &#8211; Radio la 1\u00e8re) du samedi 27 novembre 2021 \u00ab\u00a0No\u00ebl tzigane\u00a0\u00bb Emission Kiosque \u00e0 Musiques du samedi 27 novembre 2021 Article dans le journal Le R\u00e9publicain, le 2 d\u00e9cembre 2021 Article dans le journal La Libert\u00e9 Article dans le journal Le R\u00e9publicain<\/p>\n","protected":false},"author":8,"featured_media":0,"parent":4098,"menu_order":0,"comment_status":"closed","ping_status":"closed","template":"","meta":{"ngg_post_thumbnail":0,"footnotes":""},"class_list":["post-4102","page","type-page","status-publish","hentry"],"_links":{"self":[{"href":"https:\/\/chorege.ch\/index.php?rest_route=\/wp\/v2\/pages\/4102","targetHints":{"allow":["GET"]}}],"collection":[{"href":"https:\/\/chorege.ch\/index.php?rest_route=\/wp\/v2\/pages"}],"about":[{"href":"https:\/\/chorege.ch\/index.php?rest_route=\/wp\/v2\/types\/page"}],"author":[{"embeddable":true,"href":"https:\/\/chorege.ch\/index.php?rest_route=\/wp\/v2\/users\/8"}],"replies":[{"embeddable":true,"href":"https:\/\/chorege.ch\/index.php?rest_route=%2Fwp%2Fv2%2Fcomments&post=4102"}],"version-history":[{"count":7,"href":"https:\/\/chorege.ch\/index.php?rest_route=\/wp\/v2\/pages\/4102\/revisions"}],"predecessor-version":[{"id":6799,"href":"https:\/\/chorege.ch\/index.php?rest_route=\/wp\/v2\/pages\/4102\/revisions\/6799"}],"up":[{"embeddable":true,"href":"https:\/\/chorege.ch\/index.php?rest_route=\/wp\/v2\/pages\/4098"}],"wp:attachment":[{"href":"https:\/\/chorege.ch\/index.php?rest_route=%2Fwp%2Fv2%2Fmedia&parent=4102"}],"curies":[{"name":"wp","href":"https:\/\/api.w.org\/{rel}","templated":true}]}}

Concerts de l&rsquo;Avent novembre &#8211; décembre 2021

<h4 class="wp-block-heading"><a href="https://m.facebook.com/RTSpopsuisse/videos/le-kiosque-à-musique-du-27-novembre-2021-carte-blanche-à-judith-zieri-salle-poly/463947355247583/?_rdr">Extrait filmé du Kiosque à Musiques</a> (RTS &#8211; Radio la 1ère) du samedi 27 novembre 2021 « Noël tzigane »</h4>



<h4 class="wp-block-heading"><a href="https://www.rts.ch/play/radio/redirect/detail/12642968">Emission Kiosque à Musiques</a> du samedi 27 novembre 2021</h4>



<h2 class="wp-block-heading">Article dans le journal Le Républicain, le 2 décembre 2021</h2>



<figure class="wp-block-image size-large is-style-default"><a href="https://chorege.ch/wp-content/uploads/2021/12/21_12_02_Le-Républicain.png"><img loading="lazy" decoding="async" width="1024" height="745" src="https://chorege.ch/wp-content/uploads/2021/12/21_12_02_Le-Républicain-1024x745.png" alt="" class="wp-image-4117" srcset="https://chorege.ch/wp-content/uploads/2021/12/21_12_02_Le-Républicain-1024x745.png 1024w, https://chorege.ch/wp-content/uploads/2021/12/21_12_02_Le-Républicain-300x218.png 300w, https://chorege.ch/wp-content/uploads/2021/12/21_12_02_Le-Républicain-768x558.png 768w, https://chorege.ch/wp-content/uploads/2021/12/21_12_02_Le-Républicain-1536x1117.png 1536w, https://chorege.ch/wp-content/uploads/2021/12/21_12_02_Le-Républicain-2048x1489.png 2048w, https://chorege.ch/wp-content/uploads/2021/12/21_12_02_Le-Républicain-1140x829.png 1140w" sizes="auto, (max-width: 1024px) 100vw, 1024px" /></a></figure>



<h2 class="wp-block-heading">Article dans le journal La Liberté</h2>



<figure class="wp-block-image size-full is-style-default"><a href="https://chorege.ch/wp-content/uploads/2021/11/21_11_25_La_Liberte.jpeg"><img loading="lazy" decoding="async" width="864" height="874" src="https://chorege.ch/wp-content/uploads/2021/11/21_11_25_La_Liberte.jpeg" alt="" class="wp-image-4104" srcset="https://chorege.ch/wp-content/uploads/2021/11/21_11_25_La_Liberte.jpeg 864w, https://chorege.ch/wp-content/uploads/2021/11/21_11_25_La_Liberte-297x300.jpeg 297w, https://chorege.ch/wp-content/uploads/2021/11/21_11_25_La_Liberte-768x777.jpeg 768w, https://chorege.ch/wp-content/uploads/2021/11/21_11_25_La_Liberte-75x75.jpeg 75w" sizes="auto, (max-width: 864px) 100vw, 864px" /></a></figure>



<h2 class="wp-block-heading">Article dans le journal Le Républicain</h2>



<figure class="wp-block-image size-large is-style-default"><a href="https://chorege.ch/wp-content/uploads/2021/11/21_11_25_Fenêtre-sur-Framcis-Le-Républicain.png"><img loading="lazy" decoding="async" width="745" height="1024" src="https://chorege.ch/wp-content/uploads/2021/11/21_11_25_Fenêtre-sur-Framcis-Le-Républicain-745x1024.png" alt="" class="wp-image-4103" srcset="https://chorege.ch/wp-content/uploads/2021/11/21_11_25_Fenêtre-sur-Framcis-Le-Républicain-745x1024.png 745w, https://chorege.ch/wp-content/uploads/2021/11/21_11_25_Fenêtre-sur-Framcis-Le-Républicain-218x300.png 218w, https://chorege.ch/wp-content/uploads/2021/11/21_11_25_Fenêtre-sur-Framcis-Le-Républicain-768x1056.png 768w, https://chorege.ch/wp-content/uploads/2021/11/21_11_25_Fenêtre-sur-Framcis-Le-Républicain-1117x1536.png 1117w, https://chorege.ch/wp-content/uploads/2021/11/21_11_25_Fenêtre-sur-Framcis-Le-Républicain-1489x2048.png 1489w, https://chorege.ch/wp-content/uploads/2021/11/21_11_25_Fenêtre-sur-Framcis-Le-Républicain-1140x1568.png 1140w, https://chorege.ch/wp-content/uploads/2021/11/21_11_25_Fenêtre-sur-Framcis-Le-Républicain.png 1700w" sizes="auto, (max-width: 745px) 100vw, 745px" /></a></figure>



<h2 class="wp-block-heading"></h2>

<p>Extrait filmé du Kiosque à Musiques (RTS &#8211; Radio la 1ère) du samedi 27 novembre 2021 « Noël tzigane » Emission Kiosque à Musiques du samedi 27 novembre 2021 Article dans le journal Le Républicain, le 2 décembre 2021 Article dans le journal La Liberté Article dans le journal Le Républicain</p>
