{"id":6017,"date":"2025-09-09T17:32:15","date_gmt":"2025-09-09T16:32:15","guid":{"rendered":"https:\/\/chorege.ch\/?page_id=6017"},"modified":"2026-01-06T09:51:22","modified_gmt":"2026-01-06T08:51:22","slug":"concert-classique-8-septembre-25-a-echallens","status":"publish","type":"page","link":"https:\/\/chorege.ch\/?page_id=6017","title":{"rendered":"Concert de No\u00ebl \u00e0 Villaz-St-Pierre avec Lador\u00e9"},"content":{"rendered":"","protected":true},"excerpt":{"rendered":"","protected":true},"author":8,"featured_media":0,"parent":0,"menu_order":0,"comment_status":"closed","ping_status":"closed","template":"","meta":{"ngg_post_thumbnail":0,"footnotes":""},"class_list":["post-6017","page","type-page","status-publish","post-password-required","hentry"],"_links":{"self":[{"href":"https:\/\/chorege.ch\/index.php?rest_route=\/wp\/v2\/pages\/6017","targetHints":{"allow":["GET"]}}],"collection":[{"href":"https:\/\/chorege.ch\/index.php?rest_route=\/wp\/v2\/pages"}],"about":[{"href":"https:\/\/chorege.ch\/index.php?rest_route=\/wp\/v2\/types\/page"}],"author":[{"embeddable":true,"href":"https:\/\/chorege.ch\/index.php?rest_route=\/wp\/v2\/users\/8"}],"replies":[{"embeddable":true,"href":"https:\/\/chorege.ch\/index.php?rest_route=%2Fwp%2Fv2%2Fcomments&post=6017"}],"version-history":[{"count":4,"href":"https:\/\/chorege.ch\/index.php?rest_route=\/wp\/v2\/pages\/6017\/revisions"}],"predecessor-version":[{"id":6362,"href":"https:\/\/chorege.ch\/index.php?rest_route=\/wp\/v2\/pages\/6017\/revisions\/6362"}],"wp:attachment":[{"href":"https:\/\/chorege.ch\/index.php?rest_route=%2Fwp%2Fv2%2Fmedia&parent=6017"}],"curies":[{"name":"wp","href":"https:\/\/api.w.org\/{rel}","templated":true}]}}

Concert de Noël à Villaz-St-Pierre avec Ladoré
