{"id":6800,"date":"2026-07-13T11:19:41","date_gmt":"2026-07-13T10:19:41","guid":{"rendered":"https:\/\/chorege.ch\/?page_id=6800"},"modified":"2026-07-13T12:52:43","modified_gmt":"2026-07-13T11:52:43","slug":"videos-de-la-fete-de-la-musique-a-neuchatel-20-6-2026","status":"publish","type":"page","link":"https:\/\/chorege.ch\/?page_id=6800","title":{"rendered":"F\u00eate de la musique \u00e0 Neuch\u00e2tel 20.6.2026"},"content":{"rendered":"","protected":true},"excerpt":{"rendered":"","protected":true},"author":8,"featured_media":0,"parent":0,"menu_order":0,"comment_status":"closed","ping_status":"closed","template":"","meta":{"ngg_post_thumbnail":0,"footnotes":""},"class_list":["post-6800","page","type-page","status-publish","post-password-required","hentry"],"_links":{"self":[{"href":"https:\/\/chorege.ch\/index.php?rest_route=\/wp\/v2\/pages\/6800","targetHints":{"allow":["GET"]}}],"collection":[{"href":"https:\/\/chorege.ch\/index.php?rest_route=\/wp\/v2\/pages"}],"about":[{"href":"https:\/\/chorege.ch\/index.php?rest_route=\/wp\/v2\/types\/page"}],"author":[{"embeddable":true,"href":"https:\/\/chorege.ch\/index.php?rest_route=\/wp\/v2\/users\/8"}],"replies":[{"embeddable":true,"href":"https:\/\/chorege.ch\/index.php?rest_route=%2Fwp%2Fv2%2Fcomments&post=6800"}],"version-history":[{"count":3,"href":"https:\/\/chorege.ch\/index.php?rest_route=\/wp\/v2\/pages\/6800\/revisions"}],"predecessor-version":[{"id":6808,"href":"https:\/\/chorege.ch\/index.php?rest_route=\/wp\/v2\/pages\/6800\/revisions\/6808"}],"wp:attachment":[{"href":"https:\/\/chorege.ch\/index.php?rest_route=%2Fwp%2Fv2%2Fmedia&parent=6800"}],"curies":[{"name":"wp","href":"https:\/\/api.w.org\/{rel}","templated":true}]}}

Fête de la musique à Neuchâtel 20.6.2026
